{"id":254,"date":"2012-12-04T21:52:16","date_gmt":"2012-12-04T21:52:16","guid":{"rendered":"http:\/\/www.michihenomon.de\/?page_id=254"},"modified":"2023-03-13T14:29:35","modified_gmt":"2023-03-13T14:29:35","slug":"galerien","status":"publish","type":"page","link":"https:\/\/www.michihenomon.de\/?page_id=254","title":{"rendered":"Bilder"},"content":{"rendered":"\n<p class=\"has-large-font-size\">Pr\u00fcfungen 2023<\/p>\n\n\n\nngg_shortcode_0_placeholder\n\n\n\n<h1 class=\"wp-block-heading\">Kinderklettern 2022<\/h1>\n\n\n\nngg_shortcode_1_placeholder\n\n\n\n<p class=\"has-large-font-size\">Kinderklettern 2021<\/p>\n\n\n\nngg_shortcode_2_placeholder\n\n\n\n<p class=\"has-large-font-size\">Pr\u00fcfungen Kinder Erwachsene 2021<\/p>\n\n\n\nngg_shortcode_3_placeholder\n\n\n\n<p class=\"has-large-font-size\">\u00dcbungsleiterlehrgang 2021<\/p>\n\n\n\nngg_shortcode_4_placeholder\n\n\n\n<p class=\"has-large-font-size\">20 Jahre michihenomon e.V.<\/p>\n\n\n\nngg_shortcode_5_placeholder\n\n\n<h1>&nbsp;JKD-Cup 2016<\/h1>\nngg_shortcode_6_placeholder\n<h1>&nbsp;<\/h1>\n<h1>Tora Pr\u00fcfungslehrgang 2015<\/h1>\nngg_shortcode_7_placeholder\n<h1>&nbsp;<\/h1>\n<h1>Fotoshooting 2015<\/h1>\nngg_shortcode_8_placeholder\n<h1>&nbsp;<\/h1>\n<h1>Takudai Lehrgang Dresden<\/h1>\nngg_shortcode_9_placeholder\n<h1>&nbsp;<\/h1>\n<h1><strong>Karate<\/strong><\/h1>\nngg_shortcode_10_placeholder\n<h1>&nbsp;<\/h1>\n<h1><strong>Kendo<\/strong><\/h1>\nngg_shortcode_11_placeholder\n<h1>&nbsp;<\/h1>\n<h1><strong>T<\/strong><strong>aichi<\/strong><\/h1>\nngg_shortcode_12_placeholder\n<h1>&nbsp;<\/h1>\n<h1><strong>2012 &#8212; Kumite Spezial Lehgang mit Sensei B\u00fcki<\/strong><\/h1>\nngg_shortcode_13_placeholder","protected":false},"excerpt":{"rendered":"<p>Pr\u00fcfungen 2023 Kinderklettern 2022 Kinderklettern 2021 Pr\u00fcfungen Kinder Erwachsene 2021 \u00dcbungsleiterlehrgang 2021 20 Jahre michihenomon e.V. &nbsp;JKD-Cup 2016 &#8220; template=&#8220;\/mnt\/web010\/d1\/98\/51592298\/htdocs\/wp\/wp-content\/plugins\/nextgen-gallery\/products\/photocrati_nextgen\/modules\/ngglegacy\/view\/gallery-caption.php&#8220; order_by=&#8220;sortorder&#8220; order_direction=&#8220;ASC&#8220; returns=&#8220;included&#8220; maximum_entity_count=&#8220;500&#8243;] &nbsp; Tora Pr\u00fcfungslehrgang 2015 &#8220; template=&#8220;\/mnt\/web010\/d1\/98\/51592298\/htdocs\/wp\/wp-content\/plugins\/nextgen-gallery\/products\/photocrati_nextgen\/modules\/ngglegacy\/view\/gallery-caption.php&#8220; order_by=&#8220;sortorder&#8220; order_direction=&#8220;ASC&#8220; returns=&#8220;included&#8220; maximum_entity_count=&#8220;500&#8243;] &nbsp; Fotoshooting 2015 &#8220; order_by=&#8220;sortorder&#8220; order_direction=&#8220;ASC&#8220; returns=&#8220;included&#8220; maximum_entity_count=&#8220;500&#8243;] &nbsp; Takudai Lehrgang Dresden &#8220; template=&#8220;\/mnt\/web010\/d1\/98\/51592298\/htdocs\/wp\/wp-content\/plugins\/nextgen-gallery\/products\/photocrati_nextgen\/modules\/ngglegacy\/view\/gallery-caption.php&#8220; order_by=&#8220;sortorder&#8220; order_direction=&#8220;ASC&#8220; returns=&#8220;included&#8220; maximum_entity_count=&#8220;500&#8243;] &nbsp; Karate &#8220;&#8230;<\/p>\n","protected":false},"author":1,"featured_media":0,"parent":0,"menu_order":3,"comment_status":"closed","ping_status":"open","template":"","meta":{"ngg_post_thumbnail":0,"footnotes":""},"class_list":["post-254","page","type-page","status-publish","hentry"],"_links":{"self":[{"href":"https:\/\/www.michihenomon.de\/index.php?rest_route=\/wp\/v2\/pages\/254","targetHints":{"allow":["GET"]}}],"collection":[{"href":"https:\/\/www.michihenomon.de\/index.php?rest_route=\/wp\/v2\/pages"}],"about":[{"href":"https:\/\/www.michihenomon.de\/index.php?rest_route=\/wp\/v2\/types\/page"}],"author":[{"embeddable":true,"href":"https:\/\/www.michihenomon.de\/index.php?rest_route=\/wp\/v2\/users\/1"}],"replies":[{"embeddable":true,"href":"https:\/\/www.michihenomon.de\/index.php?rest_route=%2Fwp%2Fv2%2Fcomments&post=254"}],"version-history":[{"count":28,"href":"https:\/\/www.michihenomon.de\/index.php?rest_route=\/wp\/v2\/pages\/254\/revisions"}],"predecessor-version":[{"id":7325,"href":"https:\/\/www.michihenomon.de\/index.php?rest_route=\/wp\/v2\/pages\/254\/revisions\/7325"}],"wp:attachment":[{"href":"https:\/\/www.michihenomon.de\/index.php?rest_route=%2Fwp%2Fv2%2Fmedia&parent=254"}],"curies":[{"name":"wp","href":"https:\/\/api.w.org\/{rel}","templated":true}]}}