{"id":592,"date":"2016-04-27T12:17:43","date_gmt":"2016-04-27T12:17:43","guid":{"rendered":"http:\/\/www.michihenomon.de\/?page_id=592"},"modified":"2026-02-23T19:42:34","modified_gmt":"2026-02-23T19:42:34","slug":"ueber-uns","status":"publish","type":"page","link":"https:\/\/www.michihenomon.de\/?page_id=592","title":{"rendered":"\u00dcber uns"},"content":{"rendered":"\n<h1 class=\"wp-block-heading has-text-align-center\"><a href=\"https:\/\/www.michihenomon.de\/?page_id=53\" target=\"_blank\" rel=\"noopener noreferrer\">Geb\u00fcrenordnung<\/a>         <a href=\"https:\/\/www.michihenomon.de\/?page_id=36\" target=\"_blank\" rel=\"noopener noreferrer\">Geschichte<\/a> <\/h1>\n\n\n\n<h1 class=\"wp-block-heading has-text-align-center\">Wer wir sind<\/h1>\n\n\n\n<p>Wir, der Michihenomon e.V., das sind all unsere Mitglieder und Verantwortlichen. Wir sind ein lebhafter und dynamischer Verein, bei dem alle Mitglieder immer mit vollem Elan dabei sind. Seit unserem Gr\u00fcndungsjahr 1997 haben wir uns kontinuierlich weiterentwickelt und sind Stolz auf das, was wir heute sind. Uns alle verbindet die Liebe zur Kampfkunst, das&nbsp;Gemeinschaftsgef\u00fchl und das Gef\u00fchl nicht irgendjemand in einem riesigen Verein zu sein. Famili\u00e4re Stimmung, individuelles Training und die Ziele jedes Einzelnen stehen dabei&nbsp;immer im Vordergrund. Unsere Trainer trainieren selbst seit Jahren mit Herz und Seele und geben ihre Erfahrungen an unsere Mitglieder weiter.<\/p>\n\n\n\n<p>Hier noch eine kleine Zusammenstellung der Personen,<br>an denen Sie bei uns nicht vorbeikommen:<\/p>\n\n\n\n<div class=\"wp-block-columns is-layout-flex wp-container-core-columns-is-layout-9d6595d7 wp-block-columns-is-layout-flex\">\n<div class=\"wp-block-column is-layout-flow wp-block-column-is-layout-flow\" style=\"flex-basis:100%\">\n<div class=\"wp-block-columns is-layout-flex wp-container-core-columns-is-layout-9d6595d7 wp-block-columns-is-layout-flex\">\n<div class=\"wp-block-column is-layout-flow wp-block-column-is-layout-flow\" style=\"flex-basis:100%\">\n<figure class=\"wp-block-table aligncenter is-style-regular\" style=\"font-size:20px\"><table><tbody><tr><td class=\"has-text-align-center\" data-align=\"center\"><img loading=\"lazy\" decoding=\"async\" width=\"170\" height=\"292\" class=\"wp-image-7035\" style=\"width: 170px;\" src=\"https:\/\/www.michihenomon.de\/wp\/wp-content\/uploads\/2021\/08\/Olaf2-scaled-e1649600846168.jpg\" alt=\"\" srcset=\"https:\/\/www.michihenomon.de\/wp\/wp-content\/uploads\/2021\/08\/Olaf2-scaled-e1649600846168.jpg 1203w, https:\/\/www.michihenomon.de\/wp\/wp-content\/uploads\/2021\/08\/Olaf2-scaled-e1649600846168-175x300.jpg 175w, https:\/\/www.michihenomon.de\/wp\/wp-content\/uploads\/2021\/08\/Olaf2-scaled-e1649600846168-596x1024.jpg 596w, https:\/\/www.michihenomon.de\/wp\/wp-content\/uploads\/2021\/08\/Olaf2-scaled-e1649600846168-768x1320.jpg 768w, https:\/\/www.michihenomon.de\/wp\/wp-content\/uploads\/2021\/08\/Olaf2-scaled-e1649600846168-894x1536.jpg 894w, https:\/\/www.michihenomon.de\/wp\/wp-content\/uploads\/2021\/08\/Olaf2-scaled-e1649600846168-1192x2048.jpg 1192w\" sizes=\"auto, (max-width: 170px) 100vw, 170px\" \/><\/td><td class=\"has-text-align-center\" data-align=\"center\"><strong>Dr. Olaf Teubner<\/strong><br>Zweiter Vorsitzender<br>Karate Trainer B-Lizenz<br><br>3. Dan Karate<br>1. Kyu Judo<br><br><\/td><td><img loading=\"lazy\" decoding=\"async\" width=\"170\" height=\"284\" class=\"wp-image-7402\" style=\"width: 170px;\" src=\"https:\/\/www.michihenomon.de\/wp\/wp-content\/uploads\/2024\/12\/Soeren_Langhans.jpg\" alt=\"\" srcset=\"https:\/\/www.michihenomon.de\/wp\/wp-content\/uploads\/2024\/12\/Soeren_Langhans.jpg 240w, https:\/\/www.michihenomon.de\/wp\/wp-content\/uploads\/2024\/12\/Soeren_Langhans-180x300.jpg 180w\" sizes=\"auto, (max-width: 170px) 100vw, 170px\" \/><\/td><td class=\"has-text-align-center\" data-align=\"center\"><strong>S\u00f6ren Langhans<\/strong><br>Erster Vorsitzender<br><br>1. Dan Karate<\/td><\/tr><tr><td class=\"has-text-align-center\" data-align=\"center\"><img loading=\"lazy\" decoding=\"async\" width=\"170\" height=\"255\" class=\"wp-image-7022\" style=\"width: 170px;\" src=\"https:\/\/www.michihenomon.de\/wp\/wp-content\/uploads\/2021\/08\/Erik_2-scaled.jpg\" alt=\"Erik\" srcset=\"https:\/\/www.michihenomon.de\/wp\/wp-content\/uploads\/2021\/08\/Erik_2-scaled.jpg 1707w, https:\/\/www.michihenomon.de\/wp\/wp-content\/uploads\/2021\/08\/Erik_2-200x300.jpg 200w, https:\/\/www.michihenomon.de\/wp\/wp-content\/uploads\/2021\/08\/Erik_2-683x1024.jpg 683w, https:\/\/www.michihenomon.de\/wp\/wp-content\/uploads\/2021\/08\/Erik_2-768x1152.jpg 768w, https:\/\/www.michihenomon.de\/wp\/wp-content\/uploads\/2021\/08\/Erik_2-1024x1536.jpg 1024w, https:\/\/www.michihenomon.de\/wp\/wp-content\/uploads\/2021\/08\/Erik_2-1365x2048.jpg 1365w, https:\/\/www.michihenomon.de\/wp\/wp-content\/uploads\/2021\/08\/Erik_2-400x600.jpg 400w\" sizes=\"auto, (max-width: 170px) 100vw, 170px\" \/><\/td><td class=\"has-text-align-center\" data-align=\"center\"><strong>Eric Thomas<\/strong><br>Jugendwart<br>Karate Trainer B-Lizenz<br><br>5. Dan Karate<br><br><\/td><td><\/td><td class=\"has-text-align-center\" data-align=\"center\"><br><\/td><\/tr><\/tbody><\/table><\/figure>\n<\/div>\n<\/div>\n\n\n\n<p class=\"has-text-align-center\" style=\"font-size:35px\"><strong>Der Vorstand<\/strong><\/p>\n\n\n\n<p class=\"has-text-align-center\">S\u00f6ren Langhans (Erster Vorsitzender)<br>Olaf Teubner (Zweiter Vorsitzender)<br><\/p>\n<\/div>\n<\/div>\n\n\n\n<p>Das ist nur ein Teil der Michihenomon Familie, wenn Sie sich f\u00fcr uns interessieren, dann schreiben oder rufen Sie uns an. Unsere Kontaktdaten finden Sie unter dem Men\u00fcpunkt&nbsp;<a rel=\"noopener noreferrer\" href=\"https:\/\/www.michihenomon.de\/?page_id=110\" target=\"_blank\">Kontakte<\/a>.<\/p>\n\n\n<div class=\"wp-block-image is-style-default\">\n<figure class=\"aligncenter size-large is-resized\"><img loading=\"lazy\" decoding=\"async\" width=\"576\" height=\"1024\" src=\"https:\/\/www.michihenomon.de\/wp\/wp-content\/uploads\/2022\/09\/25_Jahre_Sonnenburg-576x1024.jpg\" alt=\"\" class=\"wp-image-7262\" style=\"width:432px;height:768px\" srcset=\"https:\/\/www.michihenomon.de\/wp\/wp-content\/uploads\/2022\/09\/25_Jahre_Sonnenburg-576x1024.jpg 576w, https:\/\/www.michihenomon.de\/wp\/wp-content\/uploads\/2022\/09\/25_Jahre_Sonnenburg-169x300.jpg 169w, https:\/\/www.michihenomon.de\/wp\/wp-content\/uploads\/2022\/09\/25_Jahre_Sonnenburg-768x1365.jpg 768w, https:\/\/www.michihenomon.de\/wp\/wp-content\/uploads\/2022\/09\/25_Jahre_Sonnenburg.jpg 771w\" sizes=\"auto, (max-width: 576px) 100vw, 576px\" \/><\/figure>\n<\/div>\n\n\n<p><\/p>\n","protected":false},"excerpt":{"rendered":"<p>Geb\u00fcrenordnung Geschichte Wer wir sind Wir, der Michihenomon e.V., das sind all unsere Mitglieder und Verantwortlichen. Wir sind ein lebhafter und dynamischer Verein, bei dem alle Mitglieder immer mit vollem Elan dabei sind. Seit unserem Gr\u00fcndungsjahr 1997 haben wir uns kontinuierlich weiterentwickelt und sind Stolz auf das, was wir heute sind. Uns alle verbindet die&#8230;<\/p>\n","protected":false},"author":1,"featured_media":0,"parent":0,"menu_order":5,"comment_status":"closed","ping_status":"closed","template":"","meta":{"ngg_post_thumbnail":0,"footnotes":""},"class_list":["post-592","page","type-page","status-publish","hentry"],"_links":{"self":[{"href":"https:\/\/www.michihenomon.de\/index.php?rest_route=\/wp\/v2\/pages\/592","targetHints":{"allow":["GET"]}}],"collection":[{"href":"https:\/\/www.michihenomon.de\/index.php?rest_route=\/wp\/v2\/pages"}],"about":[{"href":"https:\/\/www.michihenomon.de\/index.php?rest_route=\/wp\/v2\/types\/page"}],"author":[{"embeddable":true,"href":"https:\/\/www.michihenomon.de\/index.php?rest_route=\/wp\/v2\/users\/1"}],"replies":[{"embeddable":true,"href":"https:\/\/www.michihenomon.de\/index.php?rest_route=%2Fwp%2Fv2%2Fcomments&post=592"}],"version-history":[{"count":142,"href":"https:\/\/www.michihenomon.de\/index.php?rest_route=\/wp\/v2\/pages\/592\/revisions"}],"predecessor-version":[{"id":7439,"href":"https:\/\/www.michihenomon.de\/index.php?rest_route=\/wp\/v2\/pages\/592\/revisions\/7439"}],"wp:attachment":[{"href":"https:\/\/www.michihenomon.de\/index.php?rest_route=%2Fwp%2Fv2%2Fmedia&parent=592"}],"curies":[{"name":"wp","href":"https:\/\/api.w.org\/{rel}","templated":true}]}}

Über uns

<h1 class="wp-block-heading has-text-align-center"><a href="https://www.michihenomon.de/?page_id=53" target="_blank" rel="noopener noreferrer">Gebürenordnung</a>         <a href="https://www.michihenomon.de/?page_id=36" target="_blank" rel="noopener noreferrer">Geschichte</a> </h1>



<h1 class="wp-block-heading has-text-align-center">Wer wir sind</h1>



<p>Wir, der Michihenomon e.V., das sind all unsere Mitglieder und Verantwortlichen. Wir sind ein lebhafter und dynamischer Verein, bei dem alle Mitglieder immer mit vollem Elan dabei sind. Seit unserem Gründungsjahr 1997 haben wir uns kontinuierlich weiterentwickelt und sind Stolz auf das, was wir heute sind. Uns alle verbindet die Liebe zur Kampfkunst, das&nbsp;Gemeinschaftsgefühl und das Gefühl nicht irgendjemand in einem riesigen Verein zu sein. Familiäre Stimmung, individuelles Training und die Ziele jedes Einzelnen stehen dabei&nbsp;immer im Vordergrund. Unsere Trainer trainieren selbst seit Jahren mit Herz und Seele und geben ihre Erfahrungen an unsere Mitglieder weiter.</p>



<p>Hier noch eine kleine Zusammenstellung der Personen,<br>an denen Sie bei uns nicht vorbeikommen:</p>



<div class="wp-block-columns is-layout-flex wp-container-core-columns-is-layout-9d6595d7 wp-block-columns-is-layout-flex">
<div class="wp-block-column is-layout-flow wp-block-column-is-layout-flow" style="flex-basis:100%">
<div class="wp-block-columns is-layout-flex wp-container-core-columns-is-layout-9d6595d7 wp-block-columns-is-layout-flex">
<div class="wp-block-column is-layout-flow wp-block-column-is-layout-flow" style="flex-basis:100%">
<figure class="wp-block-table aligncenter is-style-regular" style="font-size:20px"><table><tbody><tr><td class="has-text-align-center" data-align="center"><img loading="lazy" decoding="async" width="170" height="292" class="wp-image-7035" style="width: 170px;" src="https://www.michihenomon.de/wp/wp-content/uploads/2021/08/Olaf2-scaled-e1649600846168.jpg" alt="" srcset="https://www.michihenomon.de/wp/wp-content/uploads/2021/08/Olaf2-scaled-e1649600846168.jpg 1203w, https://www.michihenomon.de/wp/wp-content/uploads/2021/08/Olaf2-scaled-e1649600846168-175x300.jpg 175w, https://www.michihenomon.de/wp/wp-content/uploads/2021/08/Olaf2-scaled-e1649600846168-596x1024.jpg 596w, https://www.michihenomon.de/wp/wp-content/uploads/2021/08/Olaf2-scaled-e1649600846168-768x1320.jpg 768w, https://www.michihenomon.de/wp/wp-content/uploads/2021/08/Olaf2-scaled-e1649600846168-894x1536.jpg 894w, https://www.michihenomon.de/wp/wp-content/uploads/2021/08/Olaf2-scaled-e1649600846168-1192x2048.jpg 1192w" sizes="auto, (max-width: 170px) 100vw, 170px" /></td><td class="has-text-align-center" data-align="center"><strong>Dr. Olaf Teubner</strong><br>Zweiter Vorsitzender<br>Karate Trainer B-Lizenz<br><br>3. Dan Karate<br>1. Kyu Judo<br><br></td><td><img loading="lazy" decoding="async" width="170" height="284" class="wp-image-7402" style="width: 170px;" src="https://www.michihenomon.de/wp/wp-content/uploads/2024/12/Soeren_Langhans.jpg" alt="" srcset="https://www.michihenomon.de/wp/wp-content/uploads/2024/12/Soeren_Langhans.jpg 240w, https://www.michihenomon.de/wp/wp-content/uploads/2024/12/Soeren_Langhans-180x300.jpg 180w" sizes="auto, (max-width: 170px) 100vw, 170px" /></td><td class="has-text-align-center" data-align="center"><strong>Sören Langhans</strong><br>Erster Vorsitzender<br><br>1. Dan Karate</td></tr><tr><td class="has-text-align-center" data-align="center"><img loading="lazy" decoding="async" width="170" height="255" class="wp-image-7022" style="width: 170px;" src="https://www.michihenomon.de/wp/wp-content/uploads/2021/08/Erik_2-scaled.jpg" alt="Erik" srcset="https://www.michihenomon.de/wp/wp-content/uploads/2021/08/Erik_2-scaled.jpg 1707w, https://www.michihenomon.de/wp/wp-content/uploads/2021/08/Erik_2-200x300.jpg 200w, https://www.michihenomon.de/wp/wp-content/uploads/2021/08/Erik_2-683x1024.jpg 683w, https://www.michihenomon.de/wp/wp-content/uploads/2021/08/Erik_2-768x1152.jpg 768w, https://www.michihenomon.de/wp/wp-content/uploads/2021/08/Erik_2-1024x1536.jpg 1024w, https://www.michihenomon.de/wp/wp-content/uploads/2021/08/Erik_2-1365x2048.jpg 1365w, https://www.michihenomon.de/wp/wp-content/uploads/2021/08/Erik_2-400x600.jpg 400w" sizes="auto, (max-width: 170px) 100vw, 170px" /></td><td class="has-text-align-center" data-align="center"><strong>Eric Thomas</strong><br>Jugendwart<br>Karate Trainer B-Lizenz<br><br>5. Dan Karate<br><br></td><td></td><td class="has-text-align-center" data-align="center"><br></td></tr></tbody></table></figure>
</div>
</div>



<p class="has-text-align-center" style="font-size:35px"><strong>Der Vorstand</strong></p>



<p class="has-text-align-center">Sören Langhans (Erster Vorsitzender)<br>Olaf Teubner (Zweiter Vorsitzender)<br></p>
</div>
</div>



<p>Das ist nur ein Teil der Michihenomon Familie, wenn Sie sich für uns interessieren, dann schreiben oder rufen Sie uns an. Unsere Kontaktdaten finden Sie unter dem Menüpunkt&nbsp;<a rel="noopener noreferrer" href="https://www.michihenomon.de/?page_id=110" target="_blank">Kontakte</a>.</p>


<div class="wp-block-image is-style-default">
<figure class="aligncenter size-large is-resized"><img loading="lazy" decoding="async" width="576" height="1024" src="https://www.michihenomon.de/wp/wp-content/uploads/2022/09/25_Jahre_Sonnenburg-576x1024.jpg" alt="" class="wp-image-7262" style="width:432px;height:768px" srcset="https://www.michihenomon.de/wp/wp-content/uploads/2022/09/25_Jahre_Sonnenburg-576x1024.jpg 576w, https://www.michihenomon.de/wp/wp-content/uploads/2022/09/25_Jahre_Sonnenburg-169x300.jpg 169w, https://www.michihenomon.de/wp/wp-content/uploads/2022/09/25_Jahre_Sonnenburg-768x1365.jpg 768w, https://www.michihenomon.de/wp/wp-content/uploads/2022/09/25_Jahre_Sonnenburg.jpg 771w" sizes="auto, (max-width: 576px) 100vw, 576px" /></figure>
</div>


<p></p>

<p>Gebürenordnung Geschichte Wer wir sind Wir, der Michihenomon e.V., das sind all unsere Mitglieder und Verantwortlichen. Wir sind ein lebhafter und dynamischer Verein, bei dem alle Mitglieder immer mit vollem Elan dabei sind. Seit unserem Gründungsjahr 1997 haben wir uns kontinuierlich weiterentwickelt und sind Stolz auf das, was wir heute sind. Uns alle verbindet die&#8230;</p>
